{"id":1725,"date":"2024-09-23T14:57:24","date_gmt":"2024-09-23T12:57:24","guid":{"rendered":"https:\/\/gs.jens-ahner.de\/?page_id=1725"},"modified":"2026-01-01T15:03:56","modified_gmt":"2026-01-01T14:03:56","slug":"start-2","status":"publish","type":"page","link":"https:\/\/gr\u00fcnspechtvisionlabs.com\/?page_id=1725&lang=de","title":{"rendered":"Start"},"content":{"rendered":"<ul>\n<li>\n<p>        <img decoding=\"async\" src=\"\/wp-content\/uploads\/2024\/09\/start5-1-scaled.jpg\" alt=\"\"><\/p>\n<h2>PICUS edge<\/h2>\n<p>Gr\u00fcnspecht stellt vor<\/p>\n<p><a href=\"\/index.php?page_id=1730&amp;lang=de\">weiterlesen<\/a><\/p>\n<\/li>\n<li>\n<p>        <img decoding=\"async\" src=\"\/wp-content\/uploads\/2024\/09\/IMG_3025-1-scaled.jpg\" alt=\"\"><\/p>\n<h2> <\/h2>\n<\/p>\n<\/li>\n<li>\n<p>        <img decoding=\"async\" src=\"\/wp-content\/uploads\/2024\/09\/IMG_2963-1-scaled.jpg\" alt=\"\"><\/p>\n<h2> <\/h2>\n<\/p>\n<\/li>\n<\/ul>\n<div><span>Gr\u00fcnspecht Vision Labs<\/span><\/div>\n<h1>\n<div class=\"O0\"><span>Vision Driven <\/span><span>Sustainability<\/span><\/div>\n<\/h1>\n<div>\n<p>In einer Welt, die zunehmend Wert auf Nachhaltigkeit und umweltbewusste Praktiken legt, bieten innovative Technologien wie Computer Vision, k\u00fcnstliche Intelligenz (KI) und Datenanalyse bahnbrechende Chancen und L\u00f6sungen.<\/p>\n<p>Bei Gr\u00fcnspecht Vision Labs GmbH kombinieren wir Automatisierungsexpertise, KI-Know-how und nutzerorientiertes Design, um L\u00f6sungen zu entwickeln, die sowohl technische Innovationen als auch wirtschaftlichen Erfolg f\u00fcr unsere Kunden f\u00f6rdern. Unsere Mission ist es, diese Technologien zu nutzen, um den Wandel hin zu einer nachhaltigen Zukunft zu unterst\u00fctzen.<\/p>\n<p>Seit 2016 bieten wir in verschiedenen Branchen wie der industriellen Automatisierung, Medizintechnik, Green Tech und Agry Tech hochmoderne Bildverarbeitungsdienste an.<\/p>\n<\/div>\n<p><img decoding=\"async\" src=\"\/wp-content\/uploads\/2024\/08\/crop2-2.png\" alt=\"\"><\/p>\n<h1>\n<h5>Partner und Kunden:<\/h5>\n<\/h1>\n<ul>\n<li>\n<p>        <img decoding=\"async\" src=\"\/wp-content\/uploads\/2024\/12\/partner_0002_circular-saxony-sachsen-schrift.png\" alt=\"\"><\/p>\n<p><a href=\"https:\/\/circular-saxony.de\">circular-saxony.de<\/a><\/p>\n<\/li>\n<li>\n<p>        <img decoding=\"async\" src=\"\/wp-content\/uploads\/2024\/12\/partner_0003_land-vision-logo_farbig.png\" alt=\"\"><\/p>\n<p><a href=\"https:\/\/landvision.de\">landvision.de<\/a><\/p>\n<\/li>\n<li>\n<p>        <img decoding=\"async\" src=\"\/wp-content\/uploads\/2024\/12\/partner_0004_smart-systems-hub_logo.png\" alt=\"\"><\/p>\n<p><a href=\"https:\/\/www.smart-systems-hub.de\">smart-systems-hub.de<\/a><\/p>\n<\/li>\n<li>\n<p>        <img decoding=\"async\" src=\"\/wp-content\/uploads\/2024\/12\/partner_0001_ineratec-logo.png\" alt=\"\"><\/p>\n<p><a href=\"https:\/\/www.ineratec.de\">ineratec.de<\/a><\/p>\n<\/li>\n<li>\n<p>        <img decoding=\"async\" src=\"\/wp-content\/uploads\/2024\/12\/partner_0000_energy-saxony.png\" alt=\"\"><\/p>\n<p><a href=\"https:\/\/energy-saxony.net\">energy-saxony.net<\/a><\/p>\n<\/li>\n<\/ul>\n<p><a href=\"\/index.php?page_id=2021&amp;lang=de\"><img decoding=\"async\" src=\"\/wp-content\/uploads\/2025\/03\/ESF_kofinanziert-1.png\" alt=\"\"><\/a><\/p>\n<p><!--more--><br \/>\n<!-- {\"type\":\"layout\",\"children\":[{\"name\":\"Start-Header\",\"type\":\"section\",\"props\":{\"header_transparent\":false,\"header_transparent_noplaceholder\":true,\"image_position\":\"center-center\",\"padding\":\"none\",\"padding_remove_top\":false,\"style\":\"default\",\"title_breakpoint\":\"xl\",\"title_position\":\"top-left\",\"title_rotation\":\"left\",\"vertical_align\":\"\",\"width\":\"\"},\"children\":[{\"type\":\"row\",\"props\":{\"margin_remove_top\":false},\"children\":[{\"type\":\"column\",\"props\":{\"image_position\":\"center-center\",\"position_sticky_breakpoint\":\"m\",\"width_medium\":\"1-1\"},\"children\":[{\"type\":\"slideshow\",\"props\":{\"animation\":\"parallax\",\"container_padding_remove\":false,\"image_loading\":true,\"image_width\":\"3840\",\"link_style\":\"primary\",\"link_text\":\"Read more\",\"margin\":\"default\",\"margin_remove_top\":false,\"meta_align\":\"above-title\",\"meta_color\":\"primary\",\"meta_element\":\"div\",\"meta_style\":\"h3\",\"nav\":\"dotnav\",\"nav_align\":\"center\",\"nav_below\":false,\"nav_breakpoint\":\"\",\"nav_position\":\"bottom-center\",\"nav_position_margin\":\"medium\",\"nav_vertical\":false,\"overlay_animation\":\"scale-up\",\"overlay_container\":\"small\",\"overlay_padding\":\"large\",\"overlay_position\":\"top-right\",\"parallax_breakpoint\":\"m\",\"parallax_easing\":\"1\",\"parallax_y\":\"0,-50\",\"show_content\":true,\"show_link\":true,\"show_meta\":true,\"show_thumbnail\":true,\"show_title\":true,\"slidenav\":\"\",\"slidenav_breakpoint\":\"m\",\"slidenav_hover\":false,\"slidenav_large\":false,\"slidenav_margin\":\"\",\"slidenav_outside_breakpoint\":\"xl\",\"slideshow_animation\":\"pull\",\"slideshow_autoplay\":true,\"slideshow_autoplay_pause\":true,\"slideshow_height_offset_top\":true,\"slideshow_height_viewport\":80,\"slideshow_max_height\":\"1000\",\"slideshow_min_height\":\"350\",\"slideshow_velocity\":\"1.5\",\"text_align\":\"center\",\"thumbnav_height\":\"100\",\"thumbnav_nowrap\":false,\"thumbnav_svg_color\":\"emphasis\",\"thumbnav_width\":\"150\",\"title_element\":\"h2\",\"title_margin\":\"remove\",\"title_style\":\"h1\"},\"children\":[{\"type\":\"slideshow_item\",\"props\":{\"content\":\"\",\"image\":\"wp-content\\\/uploads\\\/2024\\\/09\\\/start5-1-scaled.jpg\",\"image_focal_point\":\"top-right\",\"link\":\"index.php?page_id=1730&lang=de\",\"link_text\":\"weiterlesen\",\"meta\":\"Gr\\u00fcnspecht stellt vor\",\"text_color\":\"light\",\"title\":\"PICUS edge\"}},{\"type\":\"slideshow_item\",\"props\":{\"content\":\"\",\"image\":\"wp-content\\\/uploads\\\/2024\\\/09\\\/IMG_3025-1-scaled.jpg\",\"meta\":\" \",\"text_color\":\"light\",\"title\":\" \"}},{\"type\":\"slideshow_item\",\"props\":{\"content\":\"\",\"image\":\"wp-content\\\/uploads\\\/2024\\\/09\\\/IMG_2963-1-scaled.jpg\",\"meta\":\" \",\"text_color\":\"light\",\"title\":\" \"}}]}]}]}]},{\"type\":\"section\",\"props\":{\"image_position\":\"center-center\",\"style\":\"default\",\"title_breakpoint\":\"xl\",\"title_position\":\"top-left\",\"title_rotation\":\"left\",\"vertical_align\":\"middle\",\"width\":\"default\"},\"children\":[{\"type\":\"row\",\"props\":{\"divider\":true,\"layout\":\"1-2,1-2\"},\"children\":[{\"type\":\"column\",\"props\":{\"image_position\":\"center-center\",\"position_sticky_breakpoint\":\"m\",\"width_medium\":\"1-2\"},\"children\":[{\"type\":\"headline\",\"props\":{\"content\":\"<span>Gr\\u00fcnspecht Vision Labs<\\\/span>\",\"margin_remove_bottom\":false,\"text_align\":\"right\",\"text_align_breakpoint\":\"m\",\"text_align_fallback\":\"center\",\"title_color\":\"primary\",\"title_element\":\"div\",\"title_style\":\"text-small\"}},{\"type\":\"headline\",\"props\":{\"block_align\":\"center\",\"content\":\"\n\n<div class=\\\"O0\\\"><span>Vision Driven <\\\/span><span>Sustainability<\\\/span><\\\/div>\",\"margin_remove_top\":false,\"maxwidth\":\"xlarge\",\"text_align\":\"right\",\"text_align_breakpoint\":\"m\",\"text_align_fallback\":\"center\",\"title_element\":\"h1\"}},{\"type\":\"text\",\"props\":{\"block_align_breakpoint\":\"m\",\"block_align_fallback\":\"center\",\"column_breakpoint\":\"m\",\"content\":\"\n\n<p>In einer Welt, die zunehmend Wert auf Nachhaltigkeit und umweltbewusste Praktiken legt, bieten innovative Technologien wie Computer Vision, k\\u00fcnstliche Intelligenz (KI) und Datenanalyse bahnbrechende Chancen und L\\u00f6sungen.<\\\/p>\\n\n\n<p>Bei Gr\\u00fcnspecht Vision Labs GmbH kombinieren wir Automatisierungsexpertise, KI-Know-how und nutzerorientiertes Design, um L\\u00f6sungen zu entwickeln, die sowohl technische Innovationen als auch wirtschaftlichen Erfolg f\\u00fcr unsere Kunden f\\u00f6rdern. Unsere Mission ist es, diese Technologien zu nutzen, um den Wandel hin zu einer nachhaltigen Zukunft zu unterst\\u00fctzen.<\\\/p>\\n\n\n<p>Seit 2016 bieten wir in verschiedenen Branchen wie der industriellen Automatisierung, Medizintechnik, Green Tech und Agry Tech hochmoderne Bildverarbeitungsdienste an.<\\\/p>\",\"margin\":\"default\",\"maxwidth\":\"xlarge\",\"text_align\":\"right\",\"text_align_breakpoint\":\"m\",\"text_align_fallback\":\"center\"}}]},{\"type\":\"column\",\"props\":{\"image_position\":\"center-center\",\"position_sticky_breakpoint\":\"m\",\"width_medium\":\"1-2\"},\"children\":[{\"type\":\"image\",\"props\":{\"animation\":\"slide-right\",\"blend\":false,\"image\":\"wp-content\\\/uploads\\\/2024\\\/08\\\/crop2-2.png\",\"image_box_decoration_inverse\":false,\"image_loading\":true,\"image_svg_color\":\"emphasis\",\"image_svg_inline\":false,\"image_width\":700,\"margin\":\"default\",\"margin_remove_bottom\":false,\"text_align\":\"center\"}}]}]}],\"name\":\"Start-Text\"},{\"name\":\"Footer-klein2\",\"type\":\"section\",\"props\":{\"animation\":\"fade\",\"image_position\":\"center-center\",\"image_size\":\"cover\",\"padding\":\"large\",\"style\":\"default\",\"title_breakpoint\":\"xl\",\"title_position\":\"top-left\",\"title_rotation\":\"left\",\"vertical_align\":\"\",\"width\":\"default\"},\"children\":[{\"type\":\"row\",\"props\":{\"column_gap\":\"large\",\"divider\":false,\"row_gap\":\"large\",\"vertical_align\":false},\"children\":[{\"type\":\"column\",\"props\":{\"image_position\":\"center-center\",\"position_sticky_breakpoint\":\"m\"},\"children\":[{\"type\":\"headline\",\"props\":{\"content\":\"\n\n<h5>Partner und Kunden:<\\\/h5>\",\"title_element\":\"h1\"}},{\"name\":\"Gallery Lightbox\",\"type\":\"gallery\",\"children\":[{\"type\":\"gallery_item\",\"props\":{\"image\":\"wp-content\\\/uploads\\\/2024\\\/12\\\/partner_0002_circular-saxony-sachsen-schrift.png\",\"link\":\"https:\\\/\\\/circular-saxony.de\",\"link_text\":\"circular-saxony.de\"}},{\"type\":\"gallery_item\",\"props\":{\"image\":\"wp-content\\\/uploads\\\/2024\\\/12\\\/partner_0003_land-vision-logo_farbig.png\",\"link\":\"https:\\\/\\\/landvision.de\",\"link_text\":\"landvision.de\"}},{\"type\":\"gallery_item\",\"props\":{\"image\":\"wp-content\\\/uploads\\\/2024\\\/12\\\/partner_0004_smart-systems-hub_logo.png\",\"link\":\"https:\\\/\\\/www.smart-systems-hub.de\",\"link_text\":\"smart-systems-hub.de\"}},{\"type\":\"gallery_item\",\"props\":{\"image\":\"wp-content\\\/uploads\\\/2024\\\/12\\\/partner_0001_ineratec-logo.png\",\"link\":\"https:\\\/\\\/www.ineratec.de\",\"link_text\":\"ineratec.de\"}},{\"type\":\"gallery_item\",\"props\":{\"image\":\"wp-content\\\/uploads\\\/2024\\\/12\\\/partner_0000_energy-saxony.png\",\"link\":\"https:\\\/\\\/energy-saxony.net\",\"link_text\":\"energy-saxony.net\"}}],\"props\":{\"blend\":false,\"filter_align\":\"left\",\"filter_all\":true,\"filter_grid_breakpoint\":\"m\",\"filter_grid_width\":\"auto\",\"filter_position\":\"top\",\"filter_style\":\"tab\",\"grid_column_align\":false,\"grid_column_gap\":\"small\",\"grid_default\":\"1\",\"grid_divider\":false,\"grid_medium\":\"\",\"grid_row_align\":false,\"grid_row_gap\":\"small\",\"grid_small\":\"5\",\"image_transition_border\":false,\"image_width\":\"610\",\"item_animation\":true,\"lightbox\":false,\"lightbox_image_height\":\"900\",\"link_margin\":\"large\",\"link_style\":\"text\",\"link_target\":true,\"link_text\":\"View\",\"link_transition\":\"fade\",\"margin\":\"small\",\"margin_remove_bottom\":true,\"margin_remove_top\":true,\"meta_align\":\"below-title\",\"meta_element\":\"div\",\"meta_style\":\"text-meta\",\"overlay_hover\":true,\"overlay_link\":false,\"overlay_mode\":\"caption\",\"overlay_padding\":\"none\",\"overlay_position\":\"bottom-right\",\"overlay_style\":\"tile-default\",\"overlay_transition\":\"fade\",\"parallax_easing\":\"1\",\"position\":\"relative\",\"show_content\":false,\"show_hover_image\":false,\"show_hover_video\":false,\"show_link\":true,\"show_meta\":false,\"show_title\":false,\"text_align\":\"center\",\"text_color\":\"dark\",\"title_element\":\"h3\",\"title_hover_style\":\"reset\"}},{\"type\":\"image\",\"props\":{\"image\":\"wp-content\\\/uploads\\\/2025\\\/03\\\/ESF_kofinanziert-1.png\",\"image_svg_color\":\"emphasis\",\"link\":\"index.php?page_id=2021&lang=de\",\"margin\":\"default\",\"text_align\":\"center\"}}]}]}]}],\"version\":\"4.4.16\"} --><\/p>\n","protected":false},"excerpt":{"rendered":"<p>PICUS edge Gr\u00fcnspecht stellt vor weiterlesen Gr\u00fcnspecht Vision Labs Vision Driven Sustainability In einer Welt, die zunehmend Wert auf Nachhaltigkeit und umweltbewusste Praktiken legt, bieten innovative Technologien wie Computer Vision, k\u00fcnstliche Intelligenz (KI) und Datenanalyse bahnbrechende Chancen und L\u00f6sungen. Bei Gr\u00fcnspecht Vision Labs GmbH kombinieren wir Automatisierungsexpertise, KI-Know-how und nutzerorientiertes Design, um L\u00f6sungen zu entwickeln, [&hellip;]<\/p>\n","protected":false},"author":1,"featured_media":0,"parent":0,"menu_order":3,"comment_status":"open","ping_status":"open","template":"","meta":{"_acf_changed":false,"footnotes":""},"class_list":["post-1725","page","type-page","status-publish","hentry"],"acf":[],"_links":{"self":[{"href":"https:\/\/gr\u00fcnspechtvisionlabs.com\/index.php?rest_route=\/wp\/v2\/pages\/1725","targetHints":{"allow":["GET"]}}],"collection":[{"href":"https:\/\/gr\u00fcnspechtvisionlabs.com\/index.php?rest_route=\/wp\/v2\/pages"}],"about":[{"href":"https:\/\/gr\u00fcnspechtvisionlabs.com\/index.php?rest_route=\/wp\/v2\/types\/page"}],"author":[{"embeddable":true,"href":"https:\/\/gr\u00fcnspechtvisionlabs.com\/index.php?rest_route=\/wp\/v2\/users\/1"}],"replies":[{"embeddable":true,"href":"https:\/\/gr\u00fcnspechtvisionlabs.com\/index.php?rest_route=%2Fwp%2Fv2%2Fcomments&post=1725"}],"version-history":[{"count":22,"href":"https:\/\/gr\u00fcnspechtvisionlabs.com\/index.php?rest_route=\/wp\/v2\/pages\/1725\/revisions"}],"predecessor-version":[{"id":2071,"href":"https:\/\/gr\u00fcnspechtvisionlabs.com\/index.php?rest_route=\/wp\/v2\/pages\/1725\/revisions\/2071"}],"wp:attachment":[{"href":"https:\/\/gr\u00fcnspechtvisionlabs.com\/index.php?rest_route=%2Fwp%2Fv2%2Fmedia&parent=1725"}],"curies":[{"name":"wp","href":"https:\/\/api.w.org\/{rel}","templated":true}]}}